{"id":10625,"date":"2020-09-04T10:50:02","date_gmt":"2020-09-04T08:50:02","guid":{"rendered":"http:\/\/corsi.fotografareindigitale.com\/corsi\/?post_type=product&#038;p=10625"},"modified":"2020-12-01T13:54:08","modified_gmt":"2020-12-01T12:54:08","slug":"i-veloci-la-luce-nella-fotografia-glamour","status":"publish","type":"product","link":"https:\/\/corsi.fotografareindigitale.com\/corsi\/product\/i-veloci-la-luce-nella-fotografia-glamour\/","title":{"rendered":"I veloci &#8211; La luce nella fotografia Glamour"},"content":{"rendered":"<p>Quando vediamo una fotografia di grande fascino, di solito vediamo una bella modella, ben illuminata, ben posizionata, composta ed esposta, con la sua bellezza interiore ed esteriore ben espressa. Quando vediamo un&#8217;immagine, la maggior parte se non tutte queste qualit\u00e0 mancano. Ma ci\u00f2 che una fotografia e un&#8217;immagine hanno in comune \u00e8 che c&#8217;\u00e8 una qualche forma di luce che cade sul soggetto. \u00c8 questa luce e il modo in cui \u00e8 stata ritratta che determina se un&#8217;immagine \u00e8 degna di essere chiamata fotografia. Una fotografia \u00e8 un&#8217;immagine della vita. Anche un&#8217;immagine \u00e8 un&#8217;immagine, ma fa fatica a rappresentare la luce in modo efficace.<\/p>\n<p>Questo corso \u00e8 stato realizzato con l&#8217;aiuto del fotografo americano Peter Mallow, esperto fotografo glamour e di nudo (troverete qualche riferimento non solo al suo lavoro ma anche a misure proprie americane, che abbiamo preferito non cambiare per non stravolgere il senso del testo). Il corso \u00e8 corredato da decine di immagini in grado di tradurre visivamente ci\u00f2 che, a parole, pu\u00f2 essere complesso da apprendere.<\/p>\n","protected":false},"excerpt":{"rendered":"<p>Quando vediamo una fotografia di grande fascino, di solito vediamo una bella modella, ben illuminata, ben posizionata, composta ed esposta, con la sua bellezza interiore ed esteriore ben espressa. Quando vediamo un&#8217;immagine, la maggior parte se non tutte queste qualit\u00e0 mancano. Ma ci\u00f2 che una fotografia e un&#8217;immagine hanno in comune \u00e8 che c&#8217;\u00e8 una qualche forma di luce che cade sul soggetto. \u00c8 questa luce e il modo in cui \u00e8 stata ritratta che determina se un&#8217;immagine \u00e8 degna di essere chiamata fotografia. Una fotografia \u00e8 un&#8217;immagine della vita. Anche un&#8217;immagine \u00e8 un&#8217;immagine, ma fa fatica a rappresentare la luce in modo efficace.<\/p>\n<p>Questo corso \u00e8 stato realizzato con l&#8217;aiuto del fotografo americano Peter Mallow, esperto fotografo glamour e di nudo (troverete qualche riferimento non solo al suo lavoro ma anche a misure proprie americane, che abbiamo preferito non cambiare per non stravolgere il senso del testo). Il corso \u00e8 corredato da decine di immagini in grado di tradurre visivamente ci\u00f2 che, a parole, pu\u00f2 essere complesso da apprendere.<\/p>\n","protected":false},"featured_media":10984,"comment_status":"open","ping_status":"closed","template":"","meta":{"pmpro_default_level":"","_vibebp_attr":"","_vibebp_dimensions":"","_vibebp_responsive_height":"","_vibebp_accordion_ie_support":""},"product_cat":[181],"product_tag":[],"class_list":{"0":"post-10625","1":"product","2":"type-product","3":"status-publish","4":"has-post-thumbnail","6":"product_cat-fotografia","7":"pmpro-has-access","8":"user-has-not-earned","10":"first","11":"instock","12":"virtual","13":"purchasable","14":"product-type-simple"},"_links":{"self":[{"href":"https:\/\/corsi.fotografareindigitale.com\/corsi\/wp-json\/wp\/v2\/product\/10625","targetHints":{"allow":["GET"]}}],"collection":[{"href":"https:\/\/corsi.fotografareindigitale.com\/corsi\/wp-json\/wp\/v2\/product"}],"about":[{"href":"https:\/\/corsi.fotografareindigitale.com\/corsi\/wp-json\/wp\/v2\/types\/product"}],"replies":[{"embeddable":true,"href":"https:\/\/corsi.fotografareindigitale.com\/corsi\/wp-json\/wp\/v2\/comments?post=10625"}],"wp:featuredmedia":[{"embeddable":true,"href":"https:\/\/corsi.fotografareindigitale.com\/corsi\/wp-json\/wp\/v2\/media\/10984"}],"wp:attachment":[{"href":"https:\/\/corsi.fotografareindigitale.com\/corsi\/wp-json\/wp\/v2\/media?parent=10625"}],"wp:term":[{"taxonomy":"product_cat","embeddable":true,"href":"https:\/\/corsi.fotografareindigitale.com\/corsi\/wp-json\/wp\/v2\/product_cat?post=10625"},{"taxonomy":"product_tag","embeddable":true,"href":"https:\/\/corsi.fotografareindigitale.com\/corsi\/wp-json\/wp\/v2\/product_tag?post=10625"}],"curies":[{"name":"wp","href":"https:\/\/api.w.org\/{rel}","templated":true}]}}

<p>Quando vediamo una fotografia di grande fascino, di solito vediamo una bella modella, ben illuminata, ben posizionata, composta ed esposta, con la sua bellezza interiore ed esteriore ben espressa. Quando vediamo un&#8217;immagine, la maggior parte se non tutte queste qualità mancano. Ma ciò che una fotografia e un&#8217;immagine hanno in comune è che c&#8217;è una qualche forma di luce che cade sul soggetto. È questa luce e il modo in cui è stata ritratta che determina se un&#8217;immagine è degna di essere chiamata fotografia. Una fotografia è un&#8217;immagine della vita. Anche un&#8217;immagine è un&#8217;immagine, ma fa fatica a rappresentare la luce in modo efficace.</p>
<p>Questo corso è stato realizzato con l&#8217;aiuto del fotografo americano Peter Mallow, esperto fotografo glamour e di nudo (troverete qualche riferimento non solo al suo lavoro ma anche a misure proprie americane, che abbiamo preferito non cambiare per non stravolgere il senso del testo). Il corso è corredato da decine di immagini in grado di tradurre visivamente ciò che, a parole, può essere complesso da apprendere.</p>
