{"id":11080,"date":"2020-11-27T16:49:56","date_gmt":"2020-11-27T15:49:56","guid":{"rendered":"http:\/\/corsi.fotografareindigitale.com\/corsi\/?post_type=product&#038;p=11080"},"modified":"2020-12-01T13:54:08","modified_gmt":"2020-12-01T12:54:08","slug":"la-fotografia-in-studio-da-tavolo","status":"publish","type":"product","link":"https:\/\/corsi.fotografareindigitale.com\/corsi\/product\/la-fotografia-in-studio-da-tavolo\/","title":{"rendered":"La fotografia in Studio (da tavolo)"},"content":{"rendered":"<p>La fotografia in studio \u00e8 molto simile ad altre forme di fotografia: non c&#8217;\u00e8 niente di misterioso o di difficile. In realt\u00e0, ci sono molte cose che sono pi\u00f9 facili rispetto alla normale fotografia: non c&#8217;\u00e8 vento e pioggia in studio, i soggetti non sbattono le palpebre, non si agitano, e quando si tratta di illuminazione, si ha il pieno potere. Poich\u00e9 \u00e8 possibile rivedere i risultati immediatamente <em>in camera<\/em> (e non ci sono costi di pellicola), si pu\u00f2 sperimentare fino ad ottenere esattamente i risultati desiderati. I costi della fotografia in studio possono essere sorprendentemente bassi. Questo \u00e8 particolarmente vero se si possiede gi\u00e0 un computer e una macchina fotografica digitale.<\/p>\n<p>In questo corso esploreremo i concetti fotografici di base che si applicano alla fotografia digitale da studio. Verranno spiegate le impostazioni della fotocamera necessarie per padroneggiare e gettare le basi per tutto ci\u00f2 che viene. La maggior parte di ci\u00f2 che avete bisogno di sapere si pu\u00f2 apprendere rapidamente e facilmente facendo riferimento al manuale fornito con la fotocamera.<\/p>\n<p>&nbsp;<\/p>\n","protected":false},"excerpt":{"rendered":"<p>In questo corso esploreremo i concetti fotografici di base che si applicano alla fotografia digitale da studio. Verranno spiegate le impostazioni della fotocamera necessarie per padroneggiare e gettare le basi per tutto ci\u00f2 che viene. La maggior parte di ci\u00f2 che avete bisogno di sapere si pu\u00f2 apprendere rapidamente e facilmente facendo riferimento al manuale fornito con la fotocamera.<\/p>\n","protected":false},"featured_media":11081,"comment_status":"open","ping_status":"closed","template":"","meta":{"pmpro_default_level":"","_vibebp_attr":"","_vibebp_dimensions":"","_vibebp_responsive_height":"","_vibebp_accordion_ie_support":""},"product_cat":[181],"product_tag":[],"class_list":{"0":"post-11080","1":"product","2":"type-product","3":"status-publish","4":"has-post-thumbnail","6":"product_cat-fotografia","7":"pmpro-has-access","8":"user-has-not-earned","10":"first","11":"instock","12":"virtual","13":"purchasable","14":"product-type-simple"},"_links":{"self":[{"href":"https:\/\/corsi.fotografareindigitale.com\/corsi\/wp-json\/wp\/v2\/product\/11080","targetHints":{"allow":["GET"]}}],"collection":[{"href":"https:\/\/corsi.fotografareindigitale.com\/corsi\/wp-json\/wp\/v2\/product"}],"about":[{"href":"https:\/\/corsi.fotografareindigitale.com\/corsi\/wp-json\/wp\/v2\/types\/product"}],"replies":[{"embeddable":true,"href":"https:\/\/corsi.fotografareindigitale.com\/corsi\/wp-json\/wp\/v2\/comments?post=11080"}],"wp:featuredmedia":[{"embeddable":true,"href":"https:\/\/corsi.fotografareindigitale.com\/corsi\/wp-json\/wp\/v2\/media\/11081"}],"wp:attachment":[{"href":"https:\/\/corsi.fotografareindigitale.com\/corsi\/wp-json\/wp\/v2\/media?parent=11080"}],"wp:term":[{"taxonomy":"product_cat","embeddable":true,"href":"https:\/\/corsi.fotografareindigitale.com\/corsi\/wp-json\/wp\/v2\/product_cat?post=11080"},{"taxonomy":"product_tag","embeddable":true,"href":"https:\/\/corsi.fotografareindigitale.com\/corsi\/wp-json\/wp\/v2\/product_tag?post=11080"}],"curies":[{"name":"wp","href":"https:\/\/api.w.org\/{rel}","templated":true}]}}