{"id":4071,"date":"2019-11-27T09:55:27","date_gmt":"2019-11-27T08:55:27","guid":{"rendered":"http:\/\/corsi.fotografareindigitale.com\/corsi\/?post_type=product&#038;p=4071"},"modified":"2024-10-08T14:50:50","modified_gmt":"2024-10-08T12:50:50","slug":"corso-di-fotografia","status":"publish","type":"product","link":"https:\/\/corsi.fotografareindigitale.com\/corsi\/product\/corso-di-fotografia\/","title":{"rendered":"Corso di Fotografia"},"content":{"rendered":"<p>Che tu voglia raccontare una storia, vendere un prodotto o semplicemente catturare la bellezza che ti circonda, la fotografia \u00e8 essenziale per realizzare la tua visione creativa. In questo corso, ti insegneremo le competenze necessarie per passare da una ripresa completamente automatica a una completamente manuale. Espandete il vostro potenziale creativo e catturate le immagini che avete sempre sognato.<\/p>\n<p>Questo corso di fotografia online vi insegner\u00e0 a scattare immagini sorprendenti e persino a venderle, sia che usiate uno smartphone, una fotocamera mirrorless o una DSLR, Questo corso di fotografia \u00e8 stato progettato per insegnarvi i pro e i contro della fotografia, anche se avete poca o nessuna esperienza con essa, per aiutarvi a creare immagini redditizie che vi aiutino a distinguervi dalla massa e a vendere.<\/p>\n<p>Anche se ci sono moltissimi corsi di fotografia digitale che si concentrano su stili specifici o su come usare l&#8217;attrezzatura, \u00e8 difficile trovare un corso completo come questo,\u00a0 disegnato appositamente per tutte le tipologie di fotografi, dal principiante all&#8217;avanzato.<\/p>\n<p>Abbiamo realizzato un corso pensato per tutti i livelli di fotografi che vogliono migliorare le proprie abilit\u00e0 ed \u00e8 particolarmente adatto a qualsiasi utente di fotocamere DSLR o mirrorless.<\/p>\n<h2>Cosa imparerete:<\/h2>\n<ul>\n<li>Capire come funzionano le fotocamere e di quale attrezzatura hai bisogno<\/li>\n<li>Scatto in modalit\u00e0 manuale e comprensione della fotocamera<\/li>\n<li>Sapere quale attrezzatura si dovrebbe acquistare, indipendentemente dal budget a disposizione<\/li>\n<li>Utilizzare la composizione, l&#8217;illuminazione e le impostazioni appropriate per scattare foto migliori<\/li>\n<li>Modificare le foto in modo professionale per renderle ancora pi\u00f9 belle<\/li>\n<li>Imparare ad avviare un&#8217;attivit\u00e0 di fotografia e a fare soldi con le vostre nuove competenze<\/li>\n<\/ul>\n<h3>Stili di fotografia che imparerete:<\/h3>\n<ul>\n<li>Fotografia ritrattistica<\/li>\n<li>Fotografia a lunga esposizione<\/li>\n<li>Fotografia del paesaggio<\/li>\n<li>Fotografia di prodotto<\/li>\n<li>Fotografia a low light e high light<\/li>\n<li>Sport e fotografia d&#8217;azione<\/li>\n<li>Fotografia di strada<\/li>\n<li>Fotografia di architettura<\/li>\n<li>Fotografia di eventi e matrimoni<\/li>\n<li>Fotografia aerea e drone<\/li>\n<li>Fotografia naturalistica<\/li>\n<li>Fotografia notturna<\/li>\n<li>Fotografia DSLR<\/li>\n<li>Fotografia mirrorless<\/li>\n<li>Fotografia da smartphone<\/li>\n<li>e altro ancora!<\/li>\n<\/ul>\n<p><strong>Migliorate le vostre tecniche fotografiche, acquisite clienti e guadagnate di pi\u00f9<\/strong><\/p>\n<p>Indipendentemente dal vostro livello di esperienza o dal tipo di macchina fotografica che usate, questo corso di approfondimento \u00e8 stato progettato per fornirvi tutto ci\u00f2 di cui avete bisogno per portare le vostre abilit\u00e0 fotografiche al livello successivo. Che tu preferisca fotografare la natura, gli animali o le persone, un grande fotografo sa come comporre uno scatto, accenderlo e modificarlo. Affinando queste capacit\u00e0, puoi vendere le tue foto in modo da trasformare la tua passione in una carriera. <strong>Questo corso ti mostra come.<\/strong><\/p>\n<p>A differenza di altri corsi di fotografia che hanno una portata pi\u00f9 limitata, questo corso completo ti insegna come fare foto straordinarie e come fare soldi vendendole.<\/p>\n<h2>Contenuti e panoramica<\/h2>\n<p>Questo corso ha lo scopo di insegnare ai fotografi cosa serve per migliorare le vostre tecniche e per fare della fotografia la vostra professione futura. Inizierete con le nozioni di base e affronterete il funzionamento di una macchina fotografica, i tipi di macchine fotografiche e di obiettivi disponibili e l&#8217;attrezzatura di cui avrete bisogno per raggiungere i vostri obiettivi. Poi vi immergerete nei diversi stili di fotografia su cui potrete concentrarvi.<\/p>\n<p>Imparerete le impostazioni della vostra fotocamera (DSLR, mirrorless, o altro), compreso come scattare in modalit\u00e0 manuale. Utilizzerete strumenti di stabilizzazione e imparerete a comporre e illuminare correttamente una scena. Imparerete anche a scattare foto fantastiche con uno smartphone o un tablet e a modificare le immagini.<\/p>\n<p>Imparerai a\u00a0 vendere le tue foto, imparerai a farti un marchio, a creare un portfolio e un sito web e a trovare un lavoro freelance o una posizione a tempo pieno. Imparerai a conoscere le licenze, l&#8217;uso corretto e molto altro ancora. E se vuoi entrare nel mondo della fotografia di matrimonio, imparerai come iniziare la tua attivit\u00e0.<\/p>\n<p>Alla fine di questo corso, avrai una conoscenza approfondita della tua macchina fotografica e dell&#8217;attrezzatura in modo da poterla utilizzare al meglio per scattare foto indimenticabili e iniziare una carriera fotografica redditizia.<\/p>\n<h2>Quale macchina fotografica dovresti usare?<\/h2>\n<p>Una fotocamera DSLR o una fotocamera mirrorless \u00e8 un&#8217;ottima opzione per seguire questo corso. Non deve essere necessariamente un modello costoso o di fantasia. Qualsiasi fotocamera con obiettivo intercambiabile come una DSLR o mirrorless va bene. Potete anche usare uno smartphone o una fotocamera per puntare e scattare, anche se non avete tutte le impostazioni manuali e le opzioni di cui ci occupiamo in questo corso.<\/p>\n<h3>A chi \u00e8 rivolto questo corso:<\/h3>\n<ul>\n<li>Chi vuole fare foto migliori<\/li>\n<li>Principianti he vogliono diventare fotografi esperti<\/li>\n<li>Mamme, pap\u00e0, bambini, nonni e chiunque altro voglia documentare la propria vita tramite immaigni<\/li>\n<li>Fotografi amatoriali che vogliono migliorare le proprie capacit\u00e0<\/li>\n<li>Fotografi che cercano di guadagnare con le loro capacit\u00e0<\/li>\n<\/ul>\n","protected":false},"excerpt":{"rendered":"<p>Corso di Fotografia Completo a disposizione di chiunque voglia imparare o perfezionare l&#8217;arte della fotografia.<\/p>\n","protected":false},"featured_media":10941,"comment_status":"open","ping_status":"closed","template":"","meta":{"pmpro_default_level":"","_vibebp_attr":"","_vibebp_dimensions":"","_vibebp_responsive_height":"","_vibebp_accordion_ie_support":""},"product_cat":[181],"product_tag":[],"class_list":{"0":"post-4071","1":"product","2":"type-product","3":"status-publish","4":"has-post-thumbnail","6":"product_cat-fotografia","7":"pmpro-has-access","8":"user-has-not-earned","10":"first","11":"instock","12":"sale","13":"downloadable","14":"virtual","15":"purchasable","16":"product-type-simple"},"_links":{"self":[{"href":"https:\/\/corsi.fotografareindigitale.com\/corsi\/wp-json\/wp\/v2\/product\/4071","targetHints":{"allow":["GET"]}}],"collection":[{"href":"https:\/\/corsi.fotografareindigitale.com\/corsi\/wp-json\/wp\/v2\/product"}],"about":[{"href":"https:\/\/corsi.fotografareindigitale.com\/corsi\/wp-json\/wp\/v2\/types\/product"}],"replies":[{"embeddable":true,"href":"https:\/\/corsi.fotografareindigitale.com\/corsi\/wp-json\/wp\/v2\/comments?post=4071"}],"wp:featuredmedia":[{"embeddable":true,"href":"https:\/\/corsi.fotografareindigitale.com\/corsi\/wp-json\/wp\/v2\/media\/10941"}],"wp:attachment":[{"href":"https:\/\/corsi.fotografareindigitale.com\/corsi\/wp-json\/wp\/v2\/media?parent=4071"}],"wp:term":[{"taxonomy":"product_cat","embeddable":true,"href":"https:\/\/corsi.fotografareindigitale.com\/corsi\/wp-json\/wp\/v2\/product_cat?post=4071"},{"taxonomy":"product_tag","embeddable":true,"href":"https:\/\/corsi.fotografareindigitale.com\/corsi\/wp-json\/wp\/v2\/product_tag?post=4071"}],"curies":[{"name":"wp","href":"https:\/\/api.w.org\/{rel}","templated":true}]}}