{"id":9722,"date":"2020-03-19T16:45:40","date_gmt":"2020-03-19T15:45:40","guid":{"rendered":"http:\/\/corsi.fotografareindigitale.com\/corsi\/?post_type=product&#038;p=9722"},"modified":"2024-10-08T05:52:32","modified_gmt":"2024-10-08T03:52:32","slug":"guida-al-seo-in-fotografia","status":"publish","type":"product","link":"https:\/\/corsi.fotografareindigitale.com\/corsi\/product\/guida-al-seo-in-fotografia\/","title":{"rendered":"Guida al SEO in Fotografia"},"content":{"rendered":"<p>Districarsi nel mondo della fotografia digitale \u00e8 ogni giorno pi\u00f9 complesso, data anche l&#8217;alta concorrenza nel settore. Per poter emergere e gestire un&#8217;attivit\u00e0 di successo, bisogna essere capaci non solo di fotografare (e lavorare in post produzione) ma anche di presentarsi al pubblico tramite un sito Web ben congeniato e <em>SEO friendly<\/em>.<\/p>\n<p>In questo libro vi spiegheremo, passo dopo passo, come modificare il vostro sito al fine di trasformalo in una vetrina &#8220;over the top&#8221;, capace di attirare clienti e&#8230;soldi.<\/p>\n","protected":false},"excerpt":{"rendered":"<p>Districarsi nel mondo della fotografia digitale \u00e8 ogni giorno pi\u00f9 complesso, data anche l&#8217;alta concorrenza nel settore. Per poter emergere e gestire un&#8217;attivit\u00e0 di successo, bisogna essere capaci non solo di fotografare (e lavorare in post produzione) ma anche di presentarsi al pubblico tramite un sito Web ben congeniato e <em>SEO friendly<\/em>.<\/p>\n<p>In questo libro vi spiegheremo, passo dopo passo, come modificare il vostro sito al fine di trasformalo in una vetrina &#8220;over the top&#8221;, capace di attirare clienti e&#8230;soldi.<\/p>\n","protected":false},"featured_media":9728,"comment_status":"open","ping_status":"closed","template":"","meta":{"pmpro_default_level":"","_vibebp_attr":"","_vibebp_dimensions":"","_vibebp_responsive_height":"","_vibebp_accordion_ie_support":""},"product_cat":[193],"product_tag":[],"class_list":{"0":"post-9722","1":"product","2":"type-product","3":"status-publish","4":"has-post-thumbnail","6":"product_cat-libri","7":"pmpro-has-access","8":"user-has-not-earned","10":"first","11":"instock","12":"downloadable","13":"virtual","14":"purchasable","15":"product-type-simple"},"_links":{"self":[{"href":"https:\/\/corsi.fotografareindigitale.com\/corsi\/wp-json\/wp\/v2\/product\/9722","targetHints":{"allow":["GET"]}}],"collection":[{"href":"https:\/\/corsi.fotografareindigitale.com\/corsi\/wp-json\/wp\/v2\/product"}],"about":[{"href":"https:\/\/corsi.fotografareindigitale.com\/corsi\/wp-json\/wp\/v2\/types\/product"}],"replies":[{"embeddable":true,"href":"https:\/\/corsi.fotografareindigitale.com\/corsi\/wp-json\/wp\/v2\/comments?post=9722"}],"wp:featuredmedia":[{"embeddable":true,"href":"https:\/\/corsi.fotografareindigitale.com\/corsi\/wp-json\/wp\/v2\/media\/9728"}],"wp:attachment":[{"href":"https:\/\/corsi.fotografareindigitale.com\/corsi\/wp-json\/wp\/v2\/media?parent=9722"}],"wp:term":[{"taxonomy":"product_cat","embeddable":true,"href":"https:\/\/corsi.fotografareindigitale.com\/corsi\/wp-json\/wp\/v2\/product_cat?post=9722"},{"taxonomy":"product_tag","embeddable":true,"href":"https:\/\/corsi.fotografareindigitale.com\/corsi\/wp-json\/wp\/v2\/product_tag?post=9722"}],"curies":[{"name":"wp","href":"https:\/\/api.w.org\/{rel}","templated":true}]}}